est common factor of i and m?
9
Let i(o) = o**3 - 6*o**2 + 7*o + 9. Let j be i(4). Suppose 0*u + 5*u - 2*l = 115, -j*l + 125 = 4*u. Calculate the greatest common divisor of u and 5.
5
Let x(u) = 2*u + 23. Let c be x(0). Let b = 27 - c. Suppose y - 33 = -b*s, -8*s + 3*s - 90 = -5*y. What is the highest common divisor of 3 and y?
3
Let k = 41 - -9. Let q = -68 - -65. Let m be 5*q/12*-8. What is the greatest common factor of k and m?
10
Let n be ((-68)/(-12))/((-15)/9 + 2). Let w be 1/4 + (-270)/(-8). Calculate the greatest common divisor of w and n.
17
Suppose 7*r - 137 = -18. Suppose -4*x = -19 - r. Suppose -4*c = 2*f - 5*c - 162, -5*c + 324 = 4*f. What is the greatest common divisor of x and f?
9
Suppose -18*q - 22 = -5*d - 16*q, 32 = 4*d + 2*q. Let j be -5*1/((-1)/2). Calculate the greatest common factor of d and j.
2
Let l = -651 + 690. Calculate the greatest common factor of l and 533.
13
Suppose -4*k + 423 = 5*x - 5*k, -3*k - 9 = 0. What is the greatest common factor of 364 and x?
28
Let z(d) = -d**2 - 5*d + 8. Let c(v) = -4*v**2 - 21*v + 31. Let k(b) = 2*c(b) - 9*z(b). Let x be k(-6). Calculate the highest common divisor of 8 and x.
8
Let s be (-1 - 0)/((-3)/6). Let l(z) = -2*z - 8. Let n(p) = -p**2 + 9*p - 24. Let g be n(6). Let r be l(g). What is the greatest common divisor of s and r?
2
Let l(o) = 2*o**2 + 8*o - 1. Let y be l(-7). Suppose 5*u + 2*w + 2*w - y = 0, 6 = u + 3*w. Calculate the greatest common divisor of u and 9.
9
Let i(q) be the third derivative of -q**4/12 - q**3/2 + 2*q**2 + q. Let r be -7 + (1 + 1)/2. Let k be i(r). What is the greatest common divisor of k and 63?
9
Let q = -105 + 127. Suppose -q*g + 63 = -15*g. Calculate the highest common divisor of g and 15.
3
Let l be 4/(-6) + (-13091)/(-39). Calculate the greatest common factor of 201 and l.
67
Suppose -69 = 2*r + 3*p, 47 = -3*r + 2*r + p. Let v = -38 - r. What is the greatest common divisor of v and 44?
4
Let u(r) = -5*r. Let d be u(1). Let i(y) = y**2 + y - 5. Let m be i(d). Suppose 3*n - 15 = -w - 2, 3*w = -n + m. What is the greatest common factor of w and 6?
2
Suppose 3*h + 5 = 2*g - 0*h, -3*g = -h - 11. Suppose 5*d - 190 = -g*a, -5*d - 159 - 1 = -3*a. Calculate the greatest common factor of a and 25.
25
Suppose 675*v = 679*v - 4560. Calculate the highest common divisor of 60 and v.
60
Let l = 54 + -31. Suppose 0 = 4*q + z - 92, 21*z = -4*q + 18*z + 92. Calculate the greatest common divisor of l and q.
23
Let f(v) = v**3 + 6*v**2 + 6*v + 5. Let t be f(-5). Suppose t = h - 6*h + 270. Let i be (-1*1)/(97/(-582)). Calculate the greatest common factor of i and h.
6
Suppose -260*d = -264*d + 16. Let z(t) = 2*t**2 + 9*t + 9. Let m be z(-7). What is the highest common factor of d and m?
4
Let x(i) = 3*i + 9. Let t be x(4). Let u = 55 - t. Let g = -64 + 115. Calculate the greatest common divisor of u and g.
17
Suppose -9*u - 166 = 446. Let z be (-3 - 95/(-20))/((-1)/u). Calculate the greatest common divisor of z and 34.
17
Let p be 62/(-1)*-2*(-4)/(-8). Let h = -37 + p. Let n = -7 - -12. What is the greatest common factor of h and n?
5
Let h = 10 - -2. Suppose -364 = 5*t + 4*w, 4*w - 96 = t - 4. Let f = -16 - t. What is the highest common divisor of f and h?
12
Let v(y) = -y - 10. Let j be v(-14). Suppose j*t = 25 - 1. What is the highest common factor of t and 78?
6
Let n(y) = 174*y + 124. Let s be n(6). Calculate the highest common factor of 16 and s.
16
Suppose 14 = -2*t + 54. What is the highest common factor of t and 270?
10
Let c be 676/(-6) + (3 - 21/9). Let x = c - -125. Calculate the greatest common factor of 65 and x.
13
Let j(x) = 9*x - 306. Let n be j(36). Calculate the greatest common factor of n and 720.
18
Let b = 276 - 166. Let a = 208 - b. Suppose 4*u - 378 = -a. Calculate the greatest common factor of 28 and u.
14
Let d = -174 - -343. What is the highest common factor of d and 13?
13
Let d = -102 - -62. Let n = d - -46. Let r(i) = i**2 + i + 3. Let w be r(3). Calculate the highest common factor of n and w.
3
Let g(n) = -2*n**2 - 1 + 2*n**3 + 7*n**3 + n**3 - 4*n**3 + 2*n. Let w = -23 - -24. Let m be g(w). Calculate the highest common divisor of m and 40.
5
Let i be (20 + -2)*(-60)/(-18). Let j = 89 - i. What is the greatest common factor of 145 and j?
29
Suppose 22*j - 2890 = -272. What is the greatest common divisor of j and 102?
17
Let c(r) = 2*r + 2. Let x be c(2). Suppose f + 0*f + 4*w = x, 2*w = 0. What is the greatest common factor of 42 and f?
6
Let o(y) = 3*y**2 - 5*y - 18. Let c be o(6). What is the greatest common factor of 684 and c?
12
Let h = 155 - 155. Let v be 7 + (-1 - h)*3. What is the greatest common divisor of v and 6?
2
Suppose 33 + 99 = 2*d. Calculate the greatest common divisor of 2 and d.
2
Suppose 5*a + x = 127, 5*a + 0*x - 129 = -2*x. Let s be (5/(-4))/(9/(-36)). Calculate the greatest common factor of s and a.
5
Suppose -4 = -m - m. Let t be (-3)/(-11 - 1) + (-58)/8. Let u(f) = f**2 + 8*f + 21. Let p be u(t). Calculate the highest common divisor of m and p.
2
Suppose -122*l + 835 = -507. Let t = -2 - -13. What is the greatest common divisor of t and l?
11
Suppose 0 = -9*b + 13*b - 1792. Suppose b = 3*d + 1798. Let k = -243 - d. Calculate the highest common factor of k and 23.
23
Suppose 0 = -3*x - j - 20, -4*j - 23 = 4*x + 17. Let w be (-1)/3*0 + -2 + 13. Let v = w - x. Calculate the greatest common divisor of v and 4.
4
Suppose -2*h = -6*h + 8*h. Suppose 3*b = 5*l - 143 - 12, l - 3*b - 43 = h. Calculate the greatest common factor of l and 8.
4
Suppose 2526 - 174 = 8*x. Calculate the highest common divisor of x and 6.
6
Suppose -5*f + 45 - 30 = 0. Suppose 5*p - 74 = 3*l - 5*l, -f*p - 3*l + 48 = 0. What is the highest common divisor of 56 and p?
14
Suppose -359*z = -349*z - 170. Suppose -5*f = -136 + 51. Calculate the highest common divisor of f and z.
17
Let j(w) = -w**3 - 4*w**2 - 7. Let u be j(-5). Calculate the greatest common divisor of 45 and u.
9
Let c(v) = 67*v - 473. Let o be c(8). Let u(t) = -12*t - 3. Let m be u(-2). Calculate the highest common factor of m and o.
21
Let z be 30/(-42) - 9476/(-7). Calculate the highest common factor of z and 41.
41
Suppose -271*n = -276*n + 960. What is the greatest common divisor of n and 24?
24
Suppose -n = -3*n + 680. Suppose n = w - 6*w. Let d be 6*(1 - w/8). What is the greatest common factor of d and 19?
19
Let q(r) = 5*r**2 + 8*r - 113. Let a be q(7). Calculate the highest common divisor of 4 and a.
4
Let a be 4 + 0 - 16/4. Suppose 0 = -a*s - 4*s + 36. What is the highest common divisor of 9 and s?
9
Suppose 4*w + 3*f - 191 = 0, 3*f - 230 = -5*w + f. What is the greatest common factor of w and 1804?
44
Let k = 1473 + -1382. What is the greatest common divisor of k and 104?
13
Let m(o) = -o - 5. Let h be m(-7). Let a(b) = -9 - b + b**h + 6 + 3*b. Let l be a(-5). What is the highest common divisor of 84 and l?
12
Let c be -2 + (-9326)/3 - (-1)/(-3). Let y be c/(-68) - ((-3)/(-4))/(-3). Calculate the greatest common divisor of 69 and y.
23
Let u be (1 - 2)/(-1 + 8/10). Suppose u*j - 44 = 21. Calculate the highest common factor of 26 and j.
13
Suppose 3*z = -2*r + 28, -4*z + 6*r = 4*r - 14. Suppose -5*j = -2*j - z. What is the highest common factor of j and 10?
2
Let z = -161 - -425. Calculate the greatest common divisor of z and 198.
66
Let a be 7/(42/(-160))*(-1 + -2). Let j(b) = -33*b - 1. Let k be j(-1). What is the greatest common divisor of a and k?
16
Suppose -6*c + 104 = 3*t - 7*c, c - 36 = -t. Calculate the highest common factor of t and 315.
35
Suppose 0 = -17*t + 438 - 115. Calculate the greatest common divisor of 551 and t.
19
Let x be ((-180)/(-21))/(22/4697). Calculate the highest common divisor of x and 30.
30
Suppose 6*m = 2*m. Suppose m*x = 3*x - 114. Let j = x + 7. What is the greatest common factor of 5 and j?
5
Suppose -7*u = u - 16. Suppose -2*t = u*n + 3*n - 28, 0 = -5*n + 5*t. Calculate the greatest common factor of n and 44.
4
Let l(a) be the second derivative of -3/2*a**2 - 8/3*a**3 + 7*a + 0. Let q be l(-3). Calculate the greatest common divisor of 30 and q.
15
Let d be 2/6*-1*0/6. Let i(n) = -4*n + 7. Let k be i(d). Calculate the greatest common factor of 14 and k.
7
Suppose 8*j + 8 = -16. Let p = 61 - j. What is the greatest common factor of 16 a